the tens digit of t?
5
Let t(f) = -f**3 - 23*f**2 + 13*f - 41. Suppose -4*n = 148 - 52. What is the hundreds digit of t(n)?
2
Let a(u) be the first derivative of 11*u**4/12 - u**3/3 + u**2 - 6*u + 8. Let g(i) be the first derivative of a(i). What is the units digit of g(2)?
2
Let p = -241 - -413. Let m = p + -107. What is the units digit of m?
5
Let p be 25/2 + 2/(-4). Suppose 11 = -11*c - 209. What is the units digit of p*(-2)/12*c?
0
Let z be (-1)/2 + (-27)/6. Let u(l) be the third derivative of l**5/30 + l**4/4 - l**3/2 - 6*l**2 - 9. What is the units digit of u(z)?
7
Suppose 0 - 20 = -5*i. Suppose x + 60 = 3*x - 2*k, 0 = -i*x + 2*k + 128. What is the units digit of x?
4
Let z = 4865 + -817. What is the hundreds digit of z?
0
Suppose 2 = 7*h - 26. Suppose h*b - 450 = -5*r, 4*r - 217 = -3*b + 121. What is the units digit of b?
0
Let h be 0 + 7/((-28)/(-16)). Suppose 2*f = -4*b + h*f + 74, -3*b = 2*f - 66. What is the tens digit of b?
2
Suppose -2*u = 8, 4*r - 2*u = 158 + 14. Suppose r = i - 0*i. What is the units digit of i?
1
Let l(s) = 4*s**2 + 9*s + 6. Suppose 0 = 2*d + 7 + 3. What is the units digit of l(d)?
1
Let a(k) = 22*k + 163. What is the units digit of a(-2)?
9
What is the tens digit of -7 + 4 + 505 + 3?
0
Suppose -2*w = -2*b + 30, -5*w + 1 = -b - 0*b. Let y = 8 - b. Let l = y - -31. What is the units digit of l?
0
Let p(s) = -s**3 + 33*s**2 - 209*s + 33. What is the hundreds digit of p(24)?
2
Suppose 12*w - 14*w - 4*f + 2872 = 0, 5*w - 7180 = f. What is the units digit of w?
6
Suppose 176 - 161 = 3*m. Suppose m*k - 22 = 43. What is the tens digit of k?
1
Suppose -3*m + 867 = -3*s, -246 + 804 = 2*m + 3*s. What is the units digit of m?
5
Suppose -6*q = -38 + 14. Suppose 214 = 2*x + 4*o, 2*o + 299 = q*x - 79. What is the units digit of x?
7
Suppose -2*x + 0*x = -162. Suppose -30 - x = -w. Let h = -71 + w. What is the units digit of h?
0
What is the units digit of (6747/(-27) + -1)*(15 + -24)?
8
Suppose -128*q - 1712 = -136*q. What is the tens digit of q?
1
Suppose 5*b + 0*b + 45 = 0. Let r(g) = g**3 + 10*g**2 - 2*g - 21. What is the tens digit of r(b)?
7
Let d be 2/(-1 + 5/4). Let s be 0 + -2 - (-9 + d). What is the units digit of (-304)/(-4) + s/1?
5
Suppose -69*z + 74*z - 80 = 0. What is the tens digit of z?
1
Let k be 2220/(-70) - (-4)/(-14). What is the tens digit of k/(-12)*78/4?
5
Let v(z) = z**3 + 4*z**2 - 2*z**3 + 0 - 2 + 3. What is the units digit of v(4)?
1
Let k(u) = -30*u**2 - 2*u - 1. Let y be k(-1). Let h = -73 - -87. Let r = h - y. What is the units digit of r?
3
Suppose 117118 = 33*r + 23794. What is the units digit of r?
8
Let h = 319 - 317. Let q be (-11)/(-3) - 2/3. Suppose h = -l + q. What is the units digit of l?
1
Let s = -19 + 14. Let l = 9 + s. What is the units digit of (-24)/16 + 130/l?
1
What is the units digit of (-26)/(-143) - 64848/(-44)?
4
Let w be 0*(3/(-6))/(4/(-8)). Suppose w*s + s = 102. What is the tens digit of s?
0
Let v = 1386 - 372. What is the units digit of v?
4
Suppose 5*g + 972 - 152 = 2*c, 5*g - 1280 = -3*c. What is the tens digit of c?
2
Let p(c) be the third derivative of -c**6/120 + c**5/5 + 5*c**4/8 - 8*c**3/3 + c**2. Let b be -4 + 0 - -3*51/9. What is the tens digit of p(b)?
1
Let c be (1 - -1 - -1) + 71 + 6. Let r = c + -35. What is the tens digit of r?
4
Suppose 4*g + 2*c - 3114 = 0, -6*c + 778 = g - 5*c. What is the hundreds digit of g?
7
Suppose 0 = z - 160 - 163. Suppose -4*w + 53 = -z. What is the tens digit of w?
9
Suppose -1050 = -13*s + 7*s. What is the hundreds digit of s?
1
Let d(j) = j**2 + j - 3. Let l be d(-3). Suppose -4 - 8 = -l*u. Suppose 0 = -5*y - h + 173, u*y + 3*h - 111 = y. What is the units digit of y?
4
Let f(o) = 10*o**2 + 3*o - 31. What is the units digit of f(6)?
7
Suppose -3*u = 5*m - 19, -3*u - u + m = -10. Suppose u*f - 144 = -f. Let o = f + -26. What is the tens digit of o?
1
Suppose -c + 5*c - 72 = 0. Suppose c + 18 = -6*g. What is the tens digit of (-624)/(-21) - g/21?
3
Suppose 5*q - 157 = 2*m - 0*q, 0 = 4*m + 2*q + 302. Let r = 40 + m. What is the units digit of (-56)/(-9) + 8/r?
6
Suppose -1017 + 5403 = 6*o. What is the units digit of o?
1
What is the units digit of 30/25*1150/4?
5
Suppose -12*y + 7*y = -4145. Suppose 5*p - y - 191 = 0. What is the hundreds digit of p?
2
Let s be 39/2*(-20)/15. Let g = s - -16. What is the units digit of (-4)/g + 133/5?
7
Suppose -3*y = 5*f - 0*y - 425, -4*y = -4*f + 340. What is the tens digit of f?
8
Let a be 111/9 + 20/(-15). Suppose a*b - 9*b = 180. What is the units digit of b?
0
Let a be 3/(1*-3)*(-34 - 3). Let x = -22 + a. What is the units digit of x?
5
Let o(m) = m**3 - m - 2. Let j(w) = -w + 15. Let z be j(13). Let y be o(z). Suppose -y = g - 21. What is the tens digit of g?
1
Suppose 16 + 782 = 6*k. Suppose -4*o = -k - 95. What is the tens digit of o?
5
Let s(i) = -i**2 - 19*i - 10. What is the units digit of s(-6)?
8
Let p be 1/(-2*(-4)/24). Suppose -4*s - p*n + 764 = n, n + 5 = 0. What is the tens digit of s?
9
Let z(y) = 4*y**2 + 30*y + 4. What is the tens digit of z(5)?
5
Suppose 2*r = r - 4. Suppose z - 7 + 2 = 0. Let g = z + r. What is the units digit of g?
1
Suppose -5*w - 5*j + 40 = 0, 2*w + j - 10 = 2*j. Suppose 11 = -w*t + 65. What is the tens digit of 6/t + 157/3?
5
Let o(g) = -g**3 - 4*g**2 - 3*g - 10. Let n be o(-4). Suppose n*r = p + 4*p + 161, -2*p = -4*r + 314. What is the units digit of r?
8
Let r be 13/8 + 54/144. Suppose 5*z = k - 63, 3*z - r = z. What is the tens digit of k?
6
Let n be (3 - (-3)/12)*-4. Let v = 17 + n. What is the tens digit of (-173)/(-4) + v/(-16)?
4
Let s = -1241 + 2023. What is the hundreds digit of s?
7
Suppose 0 = -6*l + 10366 - 274. What is the hundreds digit of l?
6
Let v be -1 - -83 - (-3 + 0). Suppose 568 = 7*o + v. What is the units digit of o?
9
Let d(s) be the second derivative of 1/6*s**3 + 0 + 8*s + 0*s**2. What is the units digit of d(3)?
3
Suppose 4*f + 149 + 323 = 0. Let o = f - -170. Let u = -30 + o. What is the units digit of u?
2
Suppose 2*l = 3*l. Suppose -3*o - 4*s - 24 = 0, 2*o - 4*s + l = 4. What is the units digit of 10 - o/8*-2?
9
Suppose 12 - 13 = -u. Let f = u + 14. What is the units digit of f?
5
Suppose 4*i - 3*o = 184, -4*o + 261 = 3*i + 2*i. Let m = 127 - i. What is the units digit of m?
8
Let l(t) = 72*t**3 + 6*t**2 - 9*t + 2. What is the tens digit of l(2)?
8
Let g(u) = -18*u - 9. Let i be g(-6). Suppose -2*w + i = -115. What is the tens digit of w?
0
Suppose -8*a = a - 10116. What is the hundreds digit of a?
1
Suppose 41*v - 33945 = 26*v. What is the thousands digit of v?
2
Suppose 0 = 189*x - 181*x - 24928. What is the thousands digit of x?
3
Let j be (-2)/(-21) - 70518/(-441). Suppose j = 5*x + 5*i, 6*i = -5*x + 4*i + 148. What is the tens digit of x?
2
Suppose -10*h - 6*h = -880. What is the units digit of h?
5
Suppose -m - 4*m + 15 = 0. Suppose 2*a = m*i - 3*a - 248, 4*i - 4*a = 320. What is the units digit of i?
6
Suppose -155 = -s + d, -d + 2*d + 1 = 0. What is the tens digit of s?
5
Suppose -20*u = -25475 + 3595. What is the hundreds digit of u?
0
Suppose -4*p - 15 = -5*b, 4*p + 2 - 5 = -b. Suppose -4*a - 288 = -4*z, -a = -p*a + 1. What is the units digit of z?
1
Suppose 5*y - 8 = 4*y. Suppose 0 = 6*h - 8*h + y. Suppose 0 = -s - 0*s + 2*w + 27, -h*w + 135 = 5*s. What is the tens digit of s?
2
What is the thousands digit of (-22130)/(-12) + -1 + (-178)/1068?
1
Suppose -5*c + 24 = -3*w, 10 + 17 = 5*c - 4*w. Suppose -3*y + 5*t = -53, -y - 5*t + 129 = c*y. What is the units digit of y?
6
Let j = 49 - -272. Let x = j + -175. What is the tens digit of x?
4
What is the units digit of ((-81)/6)/((-4)/248)?
7
Let h(a) = -612*a + 157. What is the thousands digit of h(-7)?
4
Let w(t) = -t - 2. Let b be w(3). Let p = b - -25. Suppose -5*c + s - p = -68, -2*c + s + 21 = 0. What is the units digit of c?
9
Let u(a) be the first derivative of -3*a**4/2 - 4*a**3/3 - a**2 + a + 1. Suppose -4*g = -0*g + 8. What is the tens digit of u(g)?
3
Let o = -191 - -242. What is the tens digit of o?
5
Suppose -3*g + 2*g = 33. Let r = 65 + g. What is the tens digit of 2*(-196)/r*-4?
4
Suppose -n = n + 26. Let c be n/(-7) + 4/28. Suppose -57 = -4*h + 5*z, c*z + 13 = -3*h + 73. What is the tens digit of h?
1
Let i = -334 + 669. What is the units digit o